y 6002.
398
Calculate the remainder when 8798 is divided by 139.
41
What is the remainder when 19794 is divided by 1434?
1152
What is the remainder when 25418 is divided by 6353?
6
What is the remainder when 94105 is divided by 4481?
4
What is the remainder when 1461 is divided by 51?
33
Calculate the remainder when 74540 is divided by 616.
4
What is the remainder when 31250 is divided by 329?
324
What is the remainder when 48768 is divided by 325?
18
What is the remainder when 47559 is divided by 7924?
15
Calculate the remainder when 259911 is divided by 553.
1
What is the remainder when 4084 is divided by 117?
106
What is the remainder when 17828 is divided by 34?
12
What is the remainder when 480616 is divided by 408?
400
Calculate the remainder when 3242 is divided by 1538.
166
Calculate the remainder when 1345 is divided by 87.
40
Calculate the remainder when 2452 is divided by 286.
164
What is the remainder when 7973 is divided by 1988?
21
Calculate the remainder when 1698 is divided by 3.
0
What is the remainder when 1784 is divided by 237?
125
What is the remainder when 2283646 is divided by 152?
150
Calculate the remainder when 9777 is divided by 3237.
66
Calculate the remainder when 12478 is divided by 85.
68
Calculate the remainder when 428236 is divided by 81.
70
Calculate the remainder when 3330 is divided by 62.
44
Calculate the remainder when 5190 is divided by 12.
6
What is the remainder when 12812 is divided by 6373?
66
Calculate the remainder when 4142 is divided by 37.
35
What is the remainder when 52346 is divided by 247?
229
What is the remainder when 108482 is divided by 574?
570
Calculate the remainder when 856 is divided by 233.
157
Calculate the remainder when 1891309 is divided by 229.
227
Calculate the remainder when 5238 is divided by 107.
102
Calculate the remainder when 136942 is divided by 326.
22
What is the remainder when 179 is divided by 48?
35
Calculate the remainder when 99378 is divided by 4967.
38
What is the remainder when 1562586 is divided by 357?
354
Calculate the remainder when 84974 is divided by 607.
601
Calculate the remainder when 19299 is divided by 16.
3
Calculate the remainder when 322498 is divided by 226.
222
Calculate the remainder when 385359 is divided by 18.
15
What is the remainder when 28601 is divided by 292?
277
What is the remainder when 40174 is divided by 13388?
10
What is the remainder when 1189 is divided by 1111?
78
What is the remainder when 25918 is divided by 63?
25
What is the remainder when 131934 is divided by 304?
302
What is the remainder when 5472 is divided by 73?
70
Calculate the remainder when 2781 is divided by 1239.
303
What is the remainder when 12382 is divided by 7?
6
What is the remainder when 424151 is divided by 258?
257
What is the remainder when 10585 is divided by 3433?
286
Calculate the remainder when 4624 is divided by 288.
16
Calculate the remainder when 86707 is divided by 23.
20
Calculate the remainder when 27418 is divided by 222.
112
Calculate the remainder when 30239 is divided by 250.
239
Calculate the remainder when 841 is divided by 121.
115
What is the remainder when 2548 is divided by 183?
169
Calculate the remainder when 1685 is divided by 185.
20
What is the remainder when 297386 is divided by 988?
986
Calculate the remainder when 1956 is divided by 1836.
120
What is the remainder when 4502697 is divided by 300?
297
Calculate the remainder when 80985 is divided by 80.
25
Calculate the remainder when 112314 is divided by 2246.
14
Calculate the remainder when 40628 is divided by 129.
122
What is the remainder when 11312 is divided by 42?
14
Calculate the remainder when 30339 is divided by 742.
659
Calculate the remainder when 72796 is divided by 143.
9
What is the remainder when 69970 is divided by 833?
831
What is the remainder when 2499 is divided by 1628?
871
What is the remainder when 1515 is divided by 104?
59
What is the remainder when 89745 is divided by 226?
23
What is the remainder when 9108 is divided by 17?
13
What is the remainder when 1553 is divided by 327?
245
What is the remainder when 6208 is divided by 739?
296
What is the remainder when 10609 is divided by 2119?
14
What is the remainder when 1926 is divided by 948?
30
Calculate the remainder when 208713 is divided by 29.
0
What is the remainder when 123295 is divided by 476?
11
Calculate the remainder when 479365 is divided by 516.
1
What is the remainder when 4548 is divided by 473?
291
Calculate the remainder when 54129 is divided by 45.
39
Calculate the remainder when 43703 is divided by 6241.
16
What is the remainder when 3736569 is divided by 21?
18
What is the remainder when 5100 is divided by 58?
54
What is the remainder when 14008 is divided by 15?
13
What is the remainder when 36454 is divided by 18119?
216
Calculate the remainder when 347846 is divided by 381.
374
What is the remainder when 81828 is divided by 69?
63
Calculate the remainder when 17796 is divided by 614.
604
Calculate the remainder when 8240 is divided by 120.
80
Calculate the remainder when 129808 is divided by 2649.
7
What is the remainder when 81276 is divided by 119?
118
What is the remainder when 6920 is divided by 287?
32
Calculate the remainder when 21160 is divided by 21122.
38
What is the remainder when 96834 is divided by 13?
10
What is the remainder when 22491 is divided by 292?
7
Calculate the remainder when 797 is divided by 13.
4
Calculate the remainder when 2632 is divided by 2614.
18
Calculate the remainder when 307 is divided by 70.
27
What is the remainder when 4423 is divided by 56?
55
Calculate the remainder when 37277 is divided by 1552.
29
Calculate the remainder when 1228 is divided by 1074.
154
Calculate the remainder when 17736 is divided by 103.
20
Calculate the remainder when 13023 is divided by 4336.
15
What is the remainder when 1202 is divided by 516?
170
Calculate the remainder when 904483 is divided by 139.
10
What is the remainder when 253094 is divided by 353?
346
Calculate the remainder when 271716 is divided by 3.
0
What is the remainder when 184410 is divided by 58?
28
What is the remainder when 43846 is divided by 14560?
166
Calculate the remainder when 24598 is divided by 3071.
30
What is the remainder when 1042643 is divided by 83?
80
Calculate the remainder when 44391 is divided by 205.
111
Calculate the remainder when 10967 is divided by 621.
410
What is the remainder when 44047 is divided by 8802?
37
Calculate the remainder when 7650 is divided by 69.
60
Calculate the remainder when 226118 is divided by 94.
48
Calculate the remainder when 6804 is divided by 6788.
16
What is the remainder when 22039 is divided by 5466?
175
What is the remainder when 398497 is divided by 272?
17
What is the remainder when 202817 is divided by 220?
197
What is the remainder when 1205676 is divided by 28?
24
Calculate the remainder when 7048 is divided by 7031.
17
Calculate the remainder when 9934 is divided by 27.
25
What is the remainder when 1213 is divided by 339?
196
What is the remainder when 10094 is divided by 61?
29
Calculate the remainder when 163730 is divided by 344.
330
Calculate the remainder when 170194 is divided by 56729.
7
What is the remainder when 157604 is divided by 15?
14
What is the remainder when 40093 is divided by 13351?
40
What is the remainder when 1472 is divided by 487?
11
What is the remainder when 590066 is divided by 111?
101
Calculate the remainder when 355859 is divided by 540.
539
What is the remainder when 5616 is divided by 371?
51
What is the remainder when 5019 is divided by 265?
249
Calculate the remainder when 699 is divided by 49.
13
Calculate the remainder when 187786 is divided by 231.
214
Calculate the remainder when 4639 is divided by 4567.
72
What is the remainder when 37922 is divided by 37?
34
What is the remainder when 247159 is divided by 61788?
7
What is the remainder when 17991 is divided by 305?
301
What is the remainder when 14313 is divided by 10?
3
Calculate the remainder when 680 is divided by 75.
5
What is the remainder when 64493 is divided by 1316?
9
Calculate the remainder when 4121 is divided by 1320.
161
Calculate the remainder when 8719 is divided by 218.
217
Calculate the remainder when 12215 is divided b